 f. Suppose -5*d + 10*d = 10. What is the remainder when d is divided by f?
0
Let r = 72 - 30. Suppose -b + 11 = -2*g - 17, -97 = -4*b + 3*g. Calculate the remainder when r is divided by b.
20
Let u(v) = 40*v. Suppose j + k + 1 = 0, -2*j - j + 2*k = -22. Suppose j*p = -0*p + 56. Calculate the remainder when u(1) is divided by p.
12
Let x = 24 - 11. Let b = 76 - 38. Calculate the remainder when b is divided by x.
12
Let k be (0 + 0)/(-2 - -3). Let i be k/(0 + 2 - 4). Suppose -g + i*g = -4*t + 60, 5*t = 3*g + 68. What is the remainder when 31 is divided by t?
15
Suppose -20 = -5*y, 3*k - 2*k = -4*y + 28. Let p(t) = t**3 - t**2 - 5*t. Let a be p(4). Let r = a + -5. What is the remainder when r is divided by k?
11
Let b(c) = c**3 + 5*c**2 - 7*c - 6. Let w be b(-6). Suppose 7*k - 6*k - 39 = w. What is the remainder when k is divided by 14?
11
Let t(q) = -38*q**3 - q**2 + q + 1. Let c be 1/(2 - (4 + -1)). Let x(a) = a**2 + 2*a - 5. Calculate the remainder when t(c) is divided by x(-6).
18
Let z(g) = -3*g + 6. Let x be 33/9 - (-4)/(-6). Suppose x*d = 4*d - 12. Calculate the remainder when z(-5) is divided by d.
9
Let u = 19 + -12. Suppose -2*o + u + 5 = 0. What is the remainder when -2 - (54/(-3) - 1) is divided by o?
5
Suppose -8*d = -5*d + 60. Calculate the remainder when 67 is divided by (d/12)/5*-69.
21
Suppose -7*t + 7 = -6*t. What is the remainder when 12 is divided by t?
5
Let p(c) = c**3 + 7*c**2 + 5*c + 2. Calculate the remainder when 15 is divided by p(-6).
7
Calculate the remainder when 35 is divided by ((-76)/(-20))/(1/5).
16
Let x(a) = a**3 + 4*a**2 - 2*a - 6. Let s be x(-4). Let p(m) = 5*m - 2. Let d = 23 - 9. What is the remainder when d is divided by p(s)?
6
Let o(g) = -36*g. Let l be o(-3). Suppose 0 = -4*n, 4*m - 2*n - l = m. Calculate the remainder when m/(-8)*(-8)/3 is divided by 7.
5
Let c = 32 - 21. Let q = -18 - -61. What is the remainder when q is divided by c?
10
Let n = 37 - 25. What is the remainder when 23 is divided by n?
11
Let z = -16 + 20. What is the remainder when 5 is divided by z?
1
Suppose 2*y - 2*d + 0*d = 26, 0 = -y + 2*d + 14. Suppose -2*x + s = -13, 2*x = 4*s + y + 10. Calculate the remainder when x is divided by 4.
1
Let w = -17 - -49. What is the remainder when w is divided by 9?
5
Let n = 83 + -51. What is the remainder when 95 is divided by n?
31
Let t(j) = j**3 + 4*j**2 - 4*j + 6. Let d be t(-5). What is the remainder when ((-2)/(-1))/((-2)/(-23)) is divided by -2 - ((-2 - d) + -5)?
5
Suppose 29 = 3*c - 1. Suppose 3*m = 5*q - 8, 5*m + 0*q - 5*q = -c. Let b = 1 - m. What is the remainder when 4 is divided by b?
0
Let m(x) = -2*x - 4 + 1 + 4. Calculate the remainder when 24 is divided by m(-6).
11
Suppose m + 6 = 4*m. Let a(y) = 7*y - 1. Let l = 3 - -4. What is the remainder when a(m) is divided by l?
6
Suppose -3 = 5*u - 18. Suppose f - 1 = u. Calculate the remainder when f is divided by 2.
0
Suppose 4*q + 2*w - 3 = 5, -2*w = -8. Suppose 3*t - 12 = 3*g, q = 4*t - g - 6 - 1. What is the remainder when 10 is divided by -1*(-2 - (t + 1))?
2
Suppose 5*z = -0*z + 15. Calculate the remainder when 2 - 6/((-6)/2) is divided by z.
1
Let w(p) = -14*p**3 + 2*p**2 - 1. What is the remainder when 1250/22 - 2/(-11) is divided by w(-1)?
12
What is the remainder when 41 is divided by (16 + -17)/(-1 + 20/21)?
20
What is the remainder when -1 - (-15 + (4 - 2)) is divided by 7?
5
Let i(y) = y**3 + 8*y**2 + 2*y - 10. Let q(l) = l**2 + 3*l - 1. What is the remainder when i(-7) is divided by q(-5)?
7
Suppose 2*m - 20 = -4*x, 5*x - 32 - 6 = 4*m. Suppose x*y - y = 255. What is the remainder when y is divided by 26?
25
Let p(x) = 2*x**2 - 6*x + 3. Calculate the remainder when 52 is divided by p(4).
8
Suppose 6*b = 2*b. Let h be -2 - ((-46)/2 - 1). Suppose b*j + 4*r + h = 2*j, -j + 4*r + 21 = 0. What is the remainder when 1 is divided by j?
0
Let o(b) = b + 2. Calculate the remainder when 49 is divided by o(8).
9
Let p = 21 - 18. Let n(u) = 3*u + 2. Calculate the remainder when n(3) is divided by p.
2
Let r = -11 - -26. What is the remainder when 42 is divided by r?
12
Let g = 77 + 30. What is the remainder when g is divided by 36?
35
Let k(r) be the first derivative of 7/2*r**2 + 9*r + 1 + 2/3*r**3. Calculate the remainder when k(-6) is divided by 14.
11
Let w(a) = -a**3 - 7*a**2 - a. Let u be w(-7). Suppose -u = -2*g - v + 6, 3*v - 34 = -5*g. What is the remainder when 18 is divided by g?
3
Let u(f) = f**3 + 19. Let x(w) = -w**2 + 3*w. Let b be x(3). Let h = 1 + 9. Calculate the remainder when u(b) is divided by h.
9
Let q(y) = -y**2 - 7*y. Let v be q(-7). Let a be ((-6)/(-7) - v)*-7. What is the remainder when (a/9)/((-4)/138) is divided by 13?
10
Let z(c) = 3*c**2 - 6*c + 2. Calculate the remainder when 181 is divided by z(4).
25
Let q(s) = s**2 + s - 3. Calculate the remainder when 9 is divided by q(-3).
0
Suppose 4*f - 5*o = 46 + 34, 2*o = 4*f - 68. Let v = -53 - -97. What is the remainder when v is divided by f?
14
Suppose -2*t - 5 = -2*j - 1, 3*j - 22 = -5*t. Suppose -5 = t*s - 1. What is the remainder when (1 - 0)*(-20)/s is divided by 4?
2
Suppose 0 = 2*v - 134 - 20. Suppose -4*k - v = -9*k - 2*x, 29 = 2*k - x. What is the remainder when 42 is divided by k?
12
Let n(l) = -l**2 - 9*l - 9. Let q be n(-6). Suppose -i + 9 + q = 0. What is the remainder when i is divided by 7?
4
Let g = 123 - 102. What is the remainder when 56 is divided by g?
14
Let h = 22 - 13. What is the remainder when ((-100)/8)/((-2)/4) is divided by h?
7
Let n = 8 - -19. What is the remainder when 105 is divided by n?
24
Let b(y) = -y - 2*y + 0*y. Calculate the remainder when b(-6) is divided by 10.
8
Suppose -5*j = -g + 5, -3*j - j + 14 = g. Suppose q + q - 49 = 3*a, 0 = -5*q + 5*a + 130. Calculate the remainder when q is divided by g.
9
Suppose -2*h - 52 = -3*d - d, d + 5*h + 9 = 0. Let w(l) = -l + 18. Let u(r) = 11*r - 2. Calculate the remainder when u(2) is divided by w(d).
6
Suppose -9 = u - 4*v, -3*u - v = -5*v - 5. Let c(x) = x. Let s be c(5). What is the remainder when (4/s)/((-2)/(-30)) is divided by u?
5
Let s = 7 - 5. Suppose 0 = s*x - 4*p - 104, -x + 4*p = -0*p - 42. What is the remainder when x is divided by 16?
14
Suppose 81 = -0*v + 3*v. Suppose -5*n = f + v, 3*f = -0*f + 9. Let j = n - -8. Calculate the remainder when 5 is divided by j.
1
Suppose 5*x + 361 = 3*h, -3*x = h + 13 - 124. Calculate the remainder when h is divided by 30.
27
What is the remainder when (-13)/(4/(-20) + 0) is divided by 11?
10
Let a = -6 + 6. Let u = a + 5. Calculate the remainder when u is divided by 3.
2
Let k = -117 - -130. What is the remainder when (1 + 14)*(-5)/(-3) is divided by k?
12
Suppose 0*c = 5*x - 5*c - 105, -2*x = 4*c - 42. Calculate the remainder when x is divided by 6.
3
Suppose 2*w - 259 = -4*r - 5, -2*r = -10. Let h = 167 - w. Calculate the remainder when h is divided by 13.
11
Suppose -5*q - 4*n + 18 = -132, 2*q - 43 = -5*n. What is the remainder when q is divided by 7?
6
Suppose 0*c - 4*c = -16. Let k be (7 + -6)/((-2)/4). Calculate the remainder when (-3)/(-6)*(20 - k) is divided by c.
3
Let c = 5 - 3. Suppose -r + 6 = c*t - 12, 13 = r + t. What is the remainder when r is divided by (-26)/(-10) - (-2)/5?
2
Let x = 5 + 0. Suppose -x*v + 3*z + 125 = 0, v + z + 2 = 19. Let l(o) = o**2 + 3*o - 32. Calculate the remainder when v is divided by l(5).
6
Let s(m) = m**3 - m**2 - m - 13. Let t be s(0). Let w(o) = -o**2 - 14*o - 1. What is the remainder when w(t) is divided by 8?
4
What is the remainder when (8/(-2))/(8/(-16)) is divided by 3?
2
Let x = 0 - 0. Let p = 2 + x. Suppose 3*q + 3*t - 12 = 0, -2*t - 16 = -4*q + p*t. Calculate the remainder when q is divided by 3.
1
Let o = -43 - -22. Let b = o - -31. Let u(x) = x**2 - 7*x + 7. What is the remainder when u(b) is divided by 19?
18
Let f be 1 + 0 + 0/4. Let x(j) = 49*j + 1. Calculate the remainder when x(f) is divided by 13.
11
Let u = 17 - -14. What is the remainder when u is divided by 8?
7
Let o(q) = -q**3 + 2*q**2 + 4*q + 2. Let m be o(-2). Let y = 16 + m. What is the remainder when y is divided by 14?
12
Suppose 165 = -10*y + 15*y. Calculate the remainder when y is divided by 9.
6
Let j(d) = -d**2 - d - 1. Let y be j(-3). Let x(u) = 2*u**2 + 10*u + 1. What is the remainder when x(y) is